{"id":1177,"date":"2026-01-18T18:53:51","date_gmt":"2026-01-18T18:53:51","guid":{"rendered":"https:\/\/seldalur.vefir.net\/kerling\/?page_id=1177"},"modified":"2026-02-23T21:43:53","modified_gmt":"2026-02-23T21:43:53","slug":"byggdirnar","status":"publish","type":"page","link":"https:\/\/www.kerling.is\/index.php\/byggdirnar\/","title":{"rendered":"Bygg\u00f0irnar"},"content":{"rendered":"\n<p>Samkv\u00e6mt Landn\u00e1mu var Freysteinn fagri landn\u00e1msma\u00f0ur ey\u00f0isv\u00e6\u00f0isins. Landn\u00e1m hans n\u00e1\u00f0i yfir Sandv\u00edk, Su\u00f0urb\u00e6i, Vi\u00f0fj\u00f6r\u00f0 og Hellisfj\u00f6r\u00f0 og bj\u00f3 hann \u00e1 Bar\u00f0snesi.<\/p>\n\n\n\n<p>\u00cd \u00feessum bygg\u00f0um sem f\u00f3ru alfari\u00f0 \u00ed ey\u00f0i 1955, lif\u00f0i f\u00f3lki\u00f0 \u00e1 landi og sj\u00f3. Reri til fiskjar, verka\u00f0i fisk, seldi og n\u00e6r\u00f0ist \u00e1 honum og \u00f6\u00f0ru sj\u00e1varfangi.<\/p>\n\n\n\n<p>\u00der\u00e1tt fyrir takmarka\u00f0ar sl\u00e9ttur og v\u00ed\u00f0a dreif\u00f0ar sl\u00e6gjur, \u00e1ttu menn d\u00e1g\u00f3\u00f0an b\u00fastofn og r\u00e6ktu\u00f0u sumir v\u00e6na matjurtagar\u00f0a.<\/p>\n\n\n\n<p>Hlunnindi voru reki, fugl, d\u00fann, egg, fj\u00f6rubeit, m\u00f3tak og silungur. Misjafnt var hva\u00f0a hlunnindi hver b\u00e6r \u00e1tti.<\/p>\n\n\n\n<p>Samhj\u00e1lp var r\u00edk, vi\u00f0 fr\u00e1gang \u00e1 b\u00e1tum og sameiginlegar kaupsta\u00f0arfer\u00f0ir og fleira.<\/p>\n\n\n\n<p>Bryggjur voru \u00ed Vi\u00f0fir\u00f0i og Hellisfir\u00f0i nor\u00f0anvert vi\u00f0 fir\u00f0ina. \u00c1 su\u00f0urstr\u00f6ndum t\u00f3kst ekki a\u00f0 gera bryggjur sem NA brimi\u00f0 r\u00fasta\u00f0i ekki.<\/p>\n\n\n\n<p>\u00dear voru skilyr\u00f0i til lendingar oft mj\u00f6g erfi\u00f0 og ekki au\u00f0velt a\u00f0 athafna sig, \u00fear sem landa \u00feurfti fiski upp\u00e1 klappir og gj\u00f6r\u00feekkja \u00feurfti a\u00f0st\u00e6\u00f0ur \u00e1 hverjum sta\u00f0.<\/p>\n\n\n\n<p>Fr\u00e1 \u00f6llum b\u00e6jum \u00ed ey\u00f0ibygg\u00f0unum var stutt \u00e1 gj\u00f6ful fiskimi\u00f0.<\/p>\n\n\n\n<p><\/p>\n","protected":false},"excerpt":{"rendered":"<p>Samkv\u00e6mt Landn\u00e1mu var Freysteinn fagri landn\u00e1msma\u00f0ur ey\u00f0isv\u00e6\u00f0isins. Landn\u00e1m hans n\u00e1\u00f0i yfir Sandv\u00edk, Su\u00f0urb\u00e6i, Vi\u00f0fj\u00f6r\u00f0 og Hellisfj\u00f6r\u00f0 og bj\u00f3 hann \u00e1 Bar\u00f0snesi. \u00cd \u00feessum bygg\u00f0um sem f\u00f3ru alfari\u00f0 \u00ed ey\u00f0i 1955, lif\u00f0i f\u00f3lki\u00f0 \u00e1 landi og sj\u00f3. Reri til fiskjar, verka\u00f0i fisk, seldi og n\u00e6r\u00f0ist \u00e1 honum og \u00f6\u00f0ru sj\u00e1varfangi. \u00der\u00e1tt fyrir takmarka\u00f0ar sl\u00e9ttur og v\u00ed\u00f0a [&hellip;]<\/p>\n","protected":false},"author":1,"featured_media":0,"parent":0,"menu_order":0,"comment_status":"closed","ping_status":"closed","template":"","meta":{"footnotes":""},"class_list":["post-1177","page","type-page","status-publish","hentry"],"_links":{"self":[{"href":"https:\/\/www.kerling.is\/index.php\/wp-json\/wp\/v2\/pages\/1177","targetHints":{"allow":["GET"]}}],"collection":[{"href":"https:\/\/www.kerling.is\/index.php\/wp-json\/wp\/v2\/pages"}],"about":[{"href":"https:\/\/www.kerling.is\/index.php\/wp-json\/wp\/v2\/types\/page"}],"author":[{"embeddable":true,"href":"https:\/\/www.kerling.is\/index.php\/wp-json\/wp\/v2\/users\/1"}],"replies":[{"embeddable":true,"href":"https:\/\/www.kerling.is\/index.php\/wp-json\/wp\/v2\/comments?post=1177"}],"version-history":[{"count":5,"href":"https:\/\/www.kerling.is\/index.php\/wp-json\/wp\/v2\/pages\/1177\/revisions"}],"predecessor-version":[{"id":1417,"href":"https:\/\/www.kerling.is\/index.php\/wp-json\/wp\/v2\/pages\/1177\/revisions\/1417"}],"wp:attachment":[{"href":"https:\/\/www.kerling.is\/index.php\/wp-json\/wp\/v2\/media?parent=1177"}],"curies":[{"name":"wp","href":"https:\/\/api.w.org\/{rel}","templated":true}]}}